6225
-66120113 (base 7) to base 9
-11600138
Convert -24411110 (base 6) to base 16.
-be392
-13011010 (base 6) to base 14
-ad818
What is 3514317 (base 8) in base 5?
221102443
What is -505574 (base 8) in base 3?
-22110210001
Convert 10010101000100101010 (base 2) to base 10.
610602
What is -101001110110010000111011 (base 2) in base 15?
-e6a64b
10221000103 (base 4) to base 13
337954
Convert -3220030 (base 7) to base 12.
-16a5b4
What is 735759 (base 10) in base 4?
2303220033
What is 137753 (base 10) in base 15?
2ac38
What is -789370 (base 11) in base 14?
-24a0ac
-327511 (base 14) to base 11
-a69147
What is 10215054 (base 10) in base 2?
100110111101111010001110
-701a61 (base 16) to base 3
-111211020220011
Convert -2cc0c9 (base 15) to base 7.
-24263415
-65712 (base 8) to base 11
-19806
Convert -11001211000 (base 4) to base 15.
-1b0424
-519aa7 (base 12) to base 2
-100111000111111011111
What is 645864 (base 10) in base 13?
197c8b
202021010200 (base 3) to base 6
12314330
3140054 (base 6) to base 9
252737
What is -10110101011100111011 (base 2) in base 10?
-743227
Convert 10211100012021 (base 3) to base 5.
1010042202
What is 116585 (base 10) in base 13?
410b1
What is -6383038 (base 9) in base 14?
-650779
Convert -10143314004 (base 5) to base 15.
-dcdcbe
Convert d30cd1 (base 14) to base 13.
161c003
-330112303 (base 5) to base 13
-3a4c1a
What is 34aa5 (base 11) in base 3?
2120101001
What is 172548 (base 9) in base 13?
3985a
Convert -10233202 (base 4) to base 9.
-28574
Convert 10150424 (base 6) to base 12.
122414
11444221 (base 7) to base 4
3320321311
Convert 3269183 (base 10) to base 3.
20011002110212
What is 1a02254 (base 11) in base 14?
641882
What is 1269053 (base 15) in base 10?
13243578
252555 (base 9) to base 6
3135252
What is 85c41 (base 13) in base 9?
407313
Convert 12833723 (base 9) to base 2.
11000001100000001011101
Convert 8a1314 (base 11) to base 14.
295731
Convert -32333122213 (base 4) to base 5.
-2001223032
-2430311 (base 6) to base 7
-1043254
Convert -1213166 (base 8) to base 4.
-1101121312
Convert 213200 (base 7) to base 3.
1212221122
-103345 (base 6) to base 14
-3197
-2551025 (base 7) to base 10
-331700
Convert -10231124 (base 6) to base 4.
-1021021330
32bc75 (base 13) to base 2
100100100010011101100
What is -35214425 (base 7) in base 6?
-150211312
-31745 (base 12) to base 7
-360332
Convert -323374 (base 13) to base 2.
-100011111101001010010
What is 16504431 (base 9) in base 5?
4104121003
-490545 (base 10) to base 13
-142383
What is -131223132320 (base 4) in base 15?
-a3a405
1435564 (base 9) to base 15
10976d
Convert 3124435 (base 6) to base 8.
447507
What is c495 (base 15) in base 16?
a244
Convert 26592c (base 15) to base 11.
1048559
Convert -43117 (base 8) to base 10.
-17999
Convert -3140018 (base 9) to base 6.
-100000025
-1218972 (base 10) to base 11
-762917
What is 18ca63 (base 13) in base 9?
1156304
Convert -544052520 (base 6) to base 15.
-cbc76c
110202112222 (base 3) to base 6
5214512
-953a79 (base 15) to base 12
-2464959
244160 (base 7) to base 4
22322021
What is -635174 (base 8) in base 5?
-23232310
What is 123331303 (base 4) in base 13?
401a4
What is 6807825 (base 9) in base 2?
1101111111001101111100
What is -785504 (base 10) in base 13?
-2166c5
Convert -2110203420 (base 5) to base 7.
-52146511
What is 11122220212 (base 3) in base 14?
2564c
What is -2334313 (base 6) in base 12?
-5a399
-2135605 (base 9) to base 12
-473072
Convert 44292f (base 16) to base 9.
8357503
-21220200022222 (base 3) to base 11
-2412a04
Convert -132130531 (base 7) to base 3.
-120222120221211
-10a240 (base 11) to base 13
-61655
-12121110122202 (base 3) to base 4
-23113313300
Convert -12202000020112 (base 3) to base 10.
-3051041
2032640 (base 7) to base 12
b8b05
1952b47 (base 12) to base 2
10100010110010011100111
Convert -33772725 (base 8) to base 7.
-116236631
What is -4556d (base 16) in base 2?
-1000101010101101101
Convert 656421 (base 7) to base 9.
184816
What is -101132013200 (base 4) in base 3?
-22121200022112
What is -1520310 (base 6) in base 16?
-158b2
What is 10101010001110101 (base 2) in base 11?
5a534
What is 10a714 (base 11) in base 16?
2ac77
Convert 111100111101001010 (base 2) to base 5.
30442144
Convert 6c2cf7 (base 16) to base 5.
3303330044
1001110100101101110111 (base 2) to base 9
4754478
What is 12202022120 (base 3) in base 15?
23836
Convert -33000021333 (base 4) to base 12.
-1397b13
What is 5146d (base 14) in base 10?
195705
220221132 (base 4) to base 6
3322450
-2011110010 (base 3) to base 16
-a671
What is -3f12b2 (base 16) in base 5?
-2024233204
Convert -412241 (base 5) to base 9.
-20400
Convert 11110101110010001010 (base 2) to base 13.
2932ca
What is -5161030 (base 10) in base 3?
-100201012121021
Convert 21402421 (base 5) to base 4.
231012200
404530511 (base 6) to base 4
122200103023
-2310606 (base 8) to base 12
-262a86
What is -141a54 (base 11) in base 8?
-662007
-6a1e2 (base 16) to base 15
-88bc3
What is -1221330023 (base 4) in base 5?
-102341211
What is -2700793 (base 11) in base 8?
-21643704
Convert 1011001111100110 (base 2) to base 10.
46054
What is 100001101101111001 (base 2) in base 11?
94840
-3d5d61 (base 15) to base 11
-1739aa1
Convert -a24f05 (base 16) to base 13.
-2285826
3177645 (base 8) to base 3
1121021120000
What is 43a0 (base 14) in base 9?
17044
What is 241220113 (base 5) in base 11?
6a3171
360124 (base 8) to base 5
12413324
What is -7046371 (base 8) in base 11?
-1057523
Convert -1001001100001111110000 (base 2) to base 15.
-328da6
-202101202202 (base 3) to base 9
-671682
What is -1524520 (base 7) in base 11?
-1323a8
4185526 (base 12) to base 10
12368046
What is 40650 (base 9) in base 15?
7e00
What is -426815 (base 9) in base 11?
-164111
150ea3 (base 15) to base 10
1015803
4230112 (base 6) to base 4
302110130
Convert 22125151 (base 6) to base 10.
664699
Convert 166807 (base 9) to base 7.
610405
What is 13321011011 (base 4) in base 10?
2068805
127517 (base 11) to base 3
101011201112
What is -3eab3 (base 15) in base 10?
-201543
What is -3551411 (base 6) in base 14?
-4b95d
2113331011 (base 4) to base 5
124404110
Convert 100101000000100001 (base 2) to base 3.
21200221021
Convert -1a5d6 (base 15) to base 5.
-10220301
Convert 58712 (base 11) to base 16.
14ae9
Convert -428252 (base 12) to base 2.
-100000000100101011110
Convert 17d6d (base 16) to base 10.
97645
-32400222 (base 5) to base 10
-278187
Convert -9c80b (base 16) to base 9.
-1176301
What is -3acbc (base 13) in base 6?
-2204300
Convert 110023323321 (base 4) to base 11.
2a9486a
3e152 (base 15) to base 9
333505
-597d3 (base 15) to base 9
-474280
-beeb (base 15) to base 11
-28475
What is daeb (base 15) in base 14?
12c66
What is -10101101000010110011010 (base 2) in base 9?
-11602161
Convert 33ba69 (base 12) to base 10.
829233
Convert -133103223 (base 4) to base 12.
-62263
What is -20121002211011 (base 3) in base 16?
-357dde
What is 4223984 (base 10) in base 6?
230311252
-17a207 (base 12) to base 11
-261235
Convert 1000100110010101001 (base 2) to base 11.
182774
1145545 (base 7) to base 4
203222011
-1211216 (base 7) to base 2
-100101101000000110
Convert 1300502 (base 7) to base 4.
221011331
Convert -322123551 (base 6) to base 12.
-1ab05b7
What is 16541657 (base 8) in base 16?
3ac3af
2a4b0 (base 14) to base 15
21290
What is -120201021100 (base 3) in base 2?
-1001011100000101110
Convert 28071 (base 12) to base 13.
1c291
Convert -55454215 (base 6) to base 11.
-a418a8
-5174743 (base 8) to base 9
-2524644
-64435233 (base 7) to base 11
-3109342
What is 14007761 (base 8) in base 5?
1301243214
What is -1130100244 (base 6) in base 5?
-11211324441
-3c552 (base 13) to base 11
-77960
Convert -339913 (base 12) to base 11.
-514296
Convert 19e0a99 (base 15) to base 6.
1513511200
What is 22000021122122 (base 3) in base 6?
231124455
Convert 3534562 (base 7) to base 8.
1546626
What is 20133706 (base 8) in base 4?
100023133012
15030104 (base 8) to base 13
929a06
What is -c453 (base 15) in base 6?
-520010
Convert 3244412 (base 5) to base 3.
2212010200
-123a2d (base 15) to base 7
-10264213
What is 1043013123 (base 5) in base 7?
25444003
What is 135003300 (base 7) in base 2?
100001101010100000010011
Convert -5130114 (base 6) to base 12.
-b993a
Convert 159989 (base 13) to base 4.
2002233101
Convert 3